{"id":92,"date":"2021-02-26T09:46:27","date_gmt":"2021-02-26T08:46:27","guid":{"rendered":"https:\/\/cours-guitare-stmalo.com\/?page_id=92"},"modified":"2022-04-11T19:45:38","modified_gmt":"2022-04-11T17:45:38","slug":"les-cours","status":"publish","type":"page","link":"https:\/\/cours-guitare-stmalo.com\/index.php\/les-cours\/","title":{"rendered":"Les Cours"},"content":{"rendered":"<p>[et_pb_section fb_built=\u00a0\u00bb1&Prime; _builder_version=\u00a0\u00bb4.9.7&Prime; _module_preset=\u00a0\u00bbdefault\u00a0\u00bb background_color=\u00a0\u00bb#78A199&Prime; hover_enabled=\u00a0\u00bb0&Prime; sticky_enabled=\u00a0\u00bb0&Prime;][et_pb_row _builder_version=\u00a0\u00bb4.9.0&Prime; _module_preset=\u00a0\u00bbdefault\u00a0\u00bb][et_pb_column type=\u00a0\u00bb4_4&Prime; _builder_version=\u00a0\u00bb4.9.0&Prime; _module_preset=\u00a0\u00bbdefault\u00a0\u00bb][et_pb_text _builder_version=\u00a0\u00bb4.9.0&Prime; _module_preset=\u00a0\u00bbdefault\u00a0\u00bb background_color=\u00a0\u00bb#efefef\u00a0\u00bb module_alignment=\u00a0\u00bbcenter\u00a0\u00bb custom_margin=\u00a0\u00bb||||false|false\u00a0\u00bb custom_padding=\u00a0\u00bb10px||||false|false\u00a0\u00bb box_shadow_style=\u00a0\u00bbpreset3&Prime; box_shadow_blur=\u00a0\u00bb5px\u00a0\u00bb]<\/p>\n<h1 style=\"text-align: center;\"><strong>LES COURS<\/strong> &#8211; Niveaux &amp; Contenu<\/h1>\n<p>[\/et_pb_text][\/et_pb_column][\/et_pb_row][et_pb_row column_structure=\u00a0\u00bb1_4,1_4,1_4,1_4&Prime; _builder_version=\u00a0\u00bb4.9.0&Prime; _module_preset=\u00a0\u00bbdefault\u00a0\u00bb background_color=\u00a0\u00bb#e1f9ff\u00a0\u00bb custom_padding=\u00a0\u00bb|12px||12px|false|false\u00a0\u00bb box_shadow_style=\u00a0\u00bbpreset3&Prime; box_shadow_blur=\u00a0\u00bb6px\u00a0\u00bb][et_pb_column type=\u00a0\u00bb1_4&Prime; _builder_version=\u00a0\u00bb4.9.0&Prime; _module_preset=\u00a0\u00bbdefault\u00a0\u00bb][et_pb_image src=\u00a0\u00bbhttps:\/\/cours-guitare-stmalo.com\/wp-content\/uploads\/2021\/03\/icone-debutant.jpg\u00a0\u00bb title_text=\u00a0\u00bbicone-debutant\u00a0\u00bb _builder_version=\u00a0\u00bb4.9.0&Prime; _module_preset=\u00a0\u00bbdefault\u00a0\u00bb box_shadow_style=\u00a0\u00bbpreset3&Prime; box_shadow_blur=\u00a0\u00bb6px\u00a0\u00bb][\/et_pb_image][et_pb_text _builder_version=\u00a0\u00bb4.9.0&Prime; _module_preset=\u00a0\u00bbdefault\u00a0\u00bb]<\/p>\n<h1 style=\"text-align: center;\">D\u00e9butant<\/h1>\n<p>[\/et_pb_text][et_pb_text _builder_version=\u00a0\u00bb4.9.0&Prime; _module_preset=\u00a0\u00bbdefault\u00a0\u00bb]<\/p>\n<ul>\n<li style=\"text-align: justify;\">Guitare d&rsquo;accompagnement<\/li>\n<li style=\"text-align: justify;\">Exercices techniques<\/li>\n<li style=\"text-align: justify;\">Coordination des mains<\/li>\n<li style=\"text-align: justify;\">Accords principaux<\/li>\n<li style=\"text-align: justify;\">Rythmes de base<\/li>\n<li style=\"text-align: justify;\">R\u00e9pertoire de votre choix<\/li>\n<li style=\"text-align: justify;\">Comprendre la musique<\/li>\n<\/ul>\n<p>[\/et_pb_text][\/et_pb_column][et_pb_column type=\u00a0\u00bb1_4&Prime; _builder_version=\u00a0\u00bb4.9.0&Prime; _module_preset=\u00a0\u00bbdefault\u00a0\u00bb][et_pb_image src=\u00a0\u00bbhttps:\/\/cours-guitare-stmalo.com\/wp-content\/uploads\/2021\/03\/icone-initie\u0301.jpg\u00a0\u00bb title_text=\u00a0\u00bbicone-initie\u0301\u00a0\u00bb _builder_version=\u00a0\u00bb4.9.0&Prime; _module_preset=\u00a0\u00bbdefault\u00a0\u00bb box_shadow_style=\u00a0\u00bbpreset3&Prime; box_shadow_blur=\u00a0\u00bb6px\u00a0\u00bb][\/et_pb_image][et_pb_text _builder_version=\u00a0\u00bb4.9.0&Prime; _module_preset=\u00a0\u00bbdefault\u00a0\u00bb]<\/p>\n<h1 style=\"text-align: center;\">Initi\u00e9<\/h1>\n<p>[\/et_pb_text][et_pb_text _builder_version=\u00a0\u00bb4.9.0&Prime; _module_preset=\u00a0\u00bbdefault\u00a0\u00bb]<\/p>\n<ul>\n<li>Diff\u00e9rentes voies selon le niveau<\/li>\n<li>\u00c9tude plus profonde des accords<\/li>\n<li>\u00c9tude de styles plus particuliers<\/li>\n<li>Jeu aux doigts (finger picking)<\/li>\n<li>Rythmiques et nuances<\/li>\n<li>Travail de votre r\u00e9pertoire<\/li>\n<\/ul>\n<p>[\/et_pb_text][\/et_pb_column][et_pb_column type=\u00a0\u00bb1_4&Prime; _builder_version=\u00a0\u00bb4.9.0&Prime; _module_preset=\u00a0\u00bbdefault\u00a0\u00bb][et_pb_image src=\u00a0\u00bbhttps:\/\/cours-guitare-stmalo.com\/wp-content\/uploads\/2021\/03\/icone-avance.jpg\u00a0\u00bb title_text=\u00a0\u00bbicone-avance\u00a0\u00bb _builder_version=\u00a0\u00bb4.9.0&Prime; _module_preset=\u00a0\u00bbdefault\u00a0\u00bb box_shadow_style=\u00a0\u00bbpreset3&Prime; box_shadow_blur=\u00a0\u00bb7px\u00a0\u00bb][\/et_pb_image][et_pb_text _builder_version=\u00a0\u00bb4.9.0&Prime; _module_preset=\u00a0\u00bbdefault\u00a0\u00bb]<\/p>\n<h1 style=\"text-align: center;\">Avanc\u00e9<\/h1>\n<p>[\/et_pb_text][et_pb_text _builder_version=\u00a0\u00bb4.9.0&Prime; _module_preset=\u00a0\u00bbdefault\u00a0\u00bb]<\/p>\n<ul>\n<li>Comprendre l&rsquo;harmonie<\/li>\n<li>Triades<\/li>\n<li>Accords \u00e0 4 sons et enrichissements<\/li>\n<li>Tonalit\u00e9<\/li>\n<li>Gammes Majeures et mineures<\/li>\n<li>Modes<\/li>\n<li>Placement, phras\u00e9, nuances<\/li>\n<li>Arp\u00e8ges<\/li>\n<li>Improvisation<\/li>\n<li>Travail sur standards ou styles de pr\u00e9dilection.<\/li>\n<li>Travail musical de fond<\/li>\n<\/ul>\n<p>[\/et_pb_text][\/et_pb_column][et_pb_column type=\u00a0\u00bb1_4&Prime; _builder_version=\u00a0\u00bb4.9.0&Prime; _module_preset=\u00a0\u00bbdefault\u00a0\u00bb][et_pb_image src=\u00a0\u00bbhttps:\/\/cours-guitare-stmalo.com\/wp-content\/uploads\/2021\/03\/icone-basse.jpg\u00a0\u00bb title_text=\u00a0\u00bbicone-basse\u00a0\u00bb _builder_version=\u00a0\u00bb4.9.0&Prime; _module_preset=\u00a0\u00bbdefault\u00a0\u00bb box_shadow_style=\u00a0\u00bbpreset3&Prime; box_shadow_blur=\u00a0\u00bb6px\u00a0\u00bb][\/et_pb_image][et_pb_text _builder_version=\u00a0\u00bb4.9.0&Prime; _module_preset=\u00a0\u00bbdefault\u00a0\u00bb]<\/p>\n<h1 style=\"text-align: center;\">Basse<\/h1>\n<p>[\/et_pb_text][et_pb_text _builder_version=\u00a0\u00bb4.9.0&Prime; _module_preset=\u00a0\u00bbdefault\u00a0\u00bb]<\/p>\n<ul>\n<li>Technique et coordination<\/li>\n<li>\u00c9tude du rythme<\/li>\n<li>Arp\u00e8ges et Gammes<\/li>\n<li>Harmonie<\/li>\n<li>Groove binaire et Ternaire<\/li>\n<li>\u00c9tude de styles<\/li>\n<\/ul>\n<p>[\/et_pb_text][et_pb_image src=\u00a0\u00bbhttps:\/\/cours-guitare-stmalo.com\/wp-content\/uploads\/2021\/03\/img-evolution.jpg\u00a0\u00bb title_text=\u00a0\u00bbimg-evolution\u00a0\u00bb _builder_version=\u00a0\u00bb4.9.0&Prime; _module_preset=\u00a0\u00bbdefault\u00a0\u00bb box_shadow_style=\u00a0\u00bbpreset3&Prime; box_shadow_blur=\u00a0\u00bb5px\u00a0\u00bb][\/et_pb_image][\/et_pb_column][\/et_pb_row][et_pb_row column_structure=\u00a0\u00bb1_2,1_2&Prime; _builder_version=\u00a0\u00bb4.9.0&Prime; _module_preset=\u00a0\u00bbdefault\u00a0\u00bb background_color=\u00a0\u00bb#e1f9ff\u00a0\u00bb custom_margin=\u00a0\u00bb24px||||false|false\u00a0\u00bb custom_padding=\u00a0\u00bb|12px||12px|false|false\u00a0\u00bb box_shadow_style=\u00a0\u00bbpreset3&Prime; box_shadow_blur=\u00a0\u00bb6px\u00a0\u00bb][et_pb_column type=\u00a0\u00bb1_2&Prime; _builder_version=\u00a0\u00bb4.9.0&Prime; _module_preset=\u00a0\u00bbdefault\u00a0\u00bb][et_pb_text _builder_version=\u00a0\u00bb4.9.7&Prime; _module_preset=\u00a0\u00bbdefault\u00a0\u00bb]<\/p>\n<h1 style=\"text-align: center;\"><strong>Outils utilis\u00e9s<br \/><\/strong><\/h1>\n<p>[\/et_pb_text][et_pb_text _builder_version=\u00a0\u00bb4.9.7&Prime; _module_preset=\u00a0\u00bbdefault\u00a0\u00bb]<\/p>\n<h5 style=\"text-align: left;\">Il n&rsquo;y a rien \u00e0 acheter, la seule m\u00e9thode utilis\u00e9e est celle mise en place par Guitar School, fruit de presque 30 ans d&rsquo;exp\u00e9rience d&rsquo;enseignement de la guitare.<\/h5>\n<p>Cependant nous utilisons des <strong>supports de cours Audios et Vid\u00e9os<\/strong> confectionn\u00e9s par nos soins pour vous aider \u00e0 <strong>travailler dans de bonnes conditions<\/strong> de mani\u00e8re \u00e0 <strong>optimiser votre marge de progression<\/strong>. Vous pourrez <strong>t\u00e9l\u00e9charger les supports<\/strong> en <strong>PDF<\/strong> et en <strong>MP3<\/strong>.<\/p>\n<p>Grace \u00e0 un<strong> entrainement quotidien<\/strong> vous avancerez dans le bon sens et <strong>le plaisir de jouer sera vite au rendez-vous<\/strong>.<\/p>\n<p>[\/et_pb_text][\/et_pb_column][et_pb_column type=\u00a0\u00bb1_2&Prime; _builder_version=\u00a0\u00bb4.9.0&Prime; _module_preset=\u00a0\u00bbdefault\u00a0\u00bb][et_pb_image src=\u00a0\u00bbhttps:\/\/cours-guitare-stmalo.com\/wp-content\/uploads\/2021\/11\/Capture-de\u0301cran-2021-11-01-a\u0300-18.37.07.png\u00a0\u00bb title_text=\u00a0\u00bbCapture d\u2019e\u0301cran 2021-11-01 a\u0300 18.37.07&Prime; _builder_version=\u00a0\u00bb4.9.7&Prime; _module_preset=\u00a0\u00bbdefault\u00a0\u00bb][\/et_pb_image][\/et_pb_column][\/et_pb_row][et_pb_row _builder_version=\u00a0\u00bb4.9.7&Prime; _module_preset=\u00a0\u00bbdefault\u00a0\u00bb][et_pb_column type=\u00a0\u00bb4_4&Prime; _builder_version=\u00a0\u00bb4.9.7&Prime; _module_preset=\u00a0\u00bbdefault\u00a0\u00bb][\/et_pb_column][\/et_pb_row][\/et_pb_section]<\/p>\n","protected":false},"excerpt":{"rendered":"<p>LES COURS &#8211; Niveaux &amp; ContenuD\u00e9butant Guitare d&rsquo;accompagnement Exercices techniques Coordination des mains Accords principaux Rythmes de base R\u00e9pertoire de votre choix Comprendre la musique Initi\u00e9 Diff\u00e9rentes voies selon le niveau \u00c9tude plus profonde des accords \u00c9tude de styles plus particuliers Jeu aux doigts (finger picking) Rythmiques et nuances Travail de votre r\u00e9pertoire Avanc\u00e9 Comprendre [&hellip;]<\/p>\n","protected":false},"author":1,"featured_media":0,"parent":0,"menu_order":0,"comment_status":"closed","ping_status":"closed","template":"","meta":{"_et_pb_use_builder":"on","_et_pb_old_content":"","_et_gb_content_width":""},"_links":{"self":[{"href":"https:\/\/cours-guitare-stmalo.com\/index.php\/wp-json\/wp\/v2\/pages\/92"}],"collection":[{"href":"https:\/\/cours-guitare-stmalo.com\/index.php\/wp-json\/wp\/v2\/pages"}],"about":[{"href":"https:\/\/cours-guitare-stmalo.com\/index.php\/wp-json\/wp\/v2\/types\/page"}],"author":[{"embeddable":true,"href":"https:\/\/cours-guitare-stmalo.com\/index.php\/wp-json\/wp\/v2\/users\/1"}],"replies":[{"embeddable":true,"href":"https:\/\/cours-guitare-stmalo.com\/index.php\/wp-json\/wp\/v2\/comments?post=92"}],"version-history":[{"count":12,"href":"https:\/\/cours-guitare-stmalo.com\/index.php\/wp-json\/wp\/v2\/pages\/92\/revisions"}],"predecessor-version":[{"id":681,"href":"https:\/\/cours-guitare-stmalo.com\/index.php\/wp-json\/wp\/v2\/pages\/92\/revisions\/681"}],"wp:attachment":[{"href":"https:\/\/cours-guitare-stmalo.com\/index.php\/wp-json\/wp\/v2\/media?parent=92"}],"curies":[{"name":"wp","href":"https:\/\/api.w.org\/{rel}","templated":true}]}}