{"id":80,"date":"2021-02-25T18:33:15","date_gmt":"2021-02-25T17:33:15","guid":{"rendered":"https:\/\/cours-guitare-stmalo.com\/?page_id=80"},"modified":"2023-08-01T18:07:52","modified_gmt":"2023-08-01T16:07:52","slug":"ou-sommes-nous","status":"publish","type":"page","link":"https:\/\/cours-guitare-stmalo.com\/index.php\/ou-sommes-nous\/","title":{"rendered":"O\u00f9 sommes-nous ?"},"content":{"rendered":"<p>[et_pb_section fb_built=\u00a0\u00bb1&Prime; _builder_version=\u00a0\u00bb4.18.0&Prime; _module_preset=\u00a0\u00bbdefault\u00a0\u00bb background_color=\u00a0\u00bbRGBA(255,255,255,0)\u00a0\u00bb hover_enabled=\u00a0\u00bb0&Prime; global_colors_info=\u00a0\u00bb{}\u00a0\u00bb sticky_enabled=\u00a0\u00bb0&Prime;][et_pb_row _builder_version=\u00a0\u00bb4.18.0&Prime; _module_preset=\u00a0\u00bbdefault\u00a0\u00bb background_color=\u00a0\u00bbRGBA(255,255,255,0)\u00a0\u00bb custom_margin=\u00a0\u00bb-33px||-52px||false|false\u00a0\u00bb custom_padding=\u00a0\u00bb10px|12px|0px|12px|false|false\u00a0\u00bb hover_enabled=\u00a0\u00bb0&Prime; global_colors_info=\u00a0\u00bb{}\u00a0\u00bb sticky_enabled=\u00a0\u00bb0&Prime; width=\u00a0\u00bb100%\u00a0\u00bb max_width=\u00a0\u00bb1106px\u00a0\u00bb][et_pb_column type=\u00a0\u00bb4_4&Prime; _builder_version=\u00a0\u00bb4.16&Prime; _module_preset=\u00a0\u00bbdefault\u00a0\u00bb global_colors_info=\u00a0\u00bb{}\u00a0\u00bb][et_pb_text _builder_version=\u00a0\u00bb4.18.0&Prime; _module_preset=\u00a0\u00bbdefault\u00a0\u00bb background_color=\u00a0\u00bb#D1DEDF\u00a0\u00bb module_alignment=\u00a0\u00bbcenter\u00a0\u00bb custom_margin=\u00a0\u00bb||||false|false\u00a0\u00bb custom_padding=\u00a0\u00bb10px||||false|false\u00a0\u00bb hover_enabled=\u00a0\u00bb0&Prime; box_shadow_style=\u00a0\u00bbpreset3&Prime; box_shadow_blur=\u00a0\u00bb5px\u00a0\u00bb global_colors_info=\u00a0\u00bb{}\u00a0\u00bb sticky_enabled=\u00a0\u00bb0&Prime;]<\/p>\n<h1 style=\"text-align: center;\"><strong>C&rsquo;est quoi ? C&rsquo;est o\u00f9 ?<br \/><\/strong><\/h1>\n<p>[\/et_pb_text][et_pb_text _builder_version=\u00a0\u00bb4.16&Prime; _module_preset=\u00a0\u00bbdefault\u00a0\u00bb global_colors_info=\u00a0\u00bb{}\u00a0\u00bb]<\/p>\n<h2 style=\"text-align: center;\">Cr\u00e9ation en 2010<\/h2>\n<p>[\/et_pb_text][\/et_pb_column][\/et_pb_row][et_pb_row column_structure=\u00a0\u00bb1_3,1_3,1_3&Prime; _builder_version=\u00a0\u00bb4.18.0&Prime; _module_preset=\u00a0\u00bbdefault\u00a0\u00bb background_color=\u00a0\u00bbrgba(255,255,255,0.6)\u00a0\u00bb custom_padding=\u00a0\u00bb|18px|29px|18px|false|false\u00a0\u00bb hover_enabled=\u00a0\u00bb0&Prime; box_shadow_style=\u00a0\u00bbpreset3&Prime; box_shadow_blur=\u00a0\u00bb6px\u00a0\u00bb global_colors_info=\u00a0\u00bb{}\u00a0\u00bb sticky_enabled=\u00a0\u00bb0&Prime; min_height=\u00a0\u00bb646.7px\u00a0\u00bb][et_pb_column type=\u00a0\u00bb1_3&Prime; _builder_version=\u00a0\u00bb4.16&Prime; _module_preset=\u00a0\u00bbdefault\u00a0\u00bb global_colors_info=\u00a0\u00bb{}\u00a0\u00bb][et_pb_image src=\u00a0\u00bbhttps:\/\/cours-guitare-stmalo.com\/wp-content\/uploads\/2022\/03\/cropped-GuitarSchool-Logo-2022.png\u00a0\u00bb title_text=\u00a0\u00bbcropped-GuitarSchool-Logo-2022.png\u00a0\u00bb _builder_version=\u00a0\u00bb4.16&Prime; _module_preset=\u00a0\u00bbdefault\u00a0\u00bb global_colors_info=\u00a0\u00bb{}\u00a0\u00bb][\/et_pb_image][et_pb_image src=\u00a0\u00bbhttps:\/\/cours-guitare-stmalo.com\/wp-content\/uploads\/2022\/08\/GS-22-Salle-3.jpg\u00a0\u00bb title_text=\u00a0\u00bbGS-22-Salle-3&Prime; _builder_version=\u00a0\u00bb4.16&Prime; _module_preset=\u00a0\u00bbdefault\u00a0\u00bb global_colors_info=\u00a0\u00bb{}\u00a0\u00bb][\/et_pb_image][\/et_pb_column][et_pb_column type=\u00a0\u00bb1_3&Prime; _builder_version=\u00a0\u00bb4.16&Prime; _module_preset=\u00a0\u00bbdefault\u00a0\u00bb global_colors_info=\u00a0\u00bb{}\u00a0\u00bb][et_pb_text _builder_version=\u00a0\u00bb4.16&Prime; _module_preset=\u00a0\u00bbdefault\u00a0\u00bb custom_margin=\u00a0\u00bb80px|36px||0px|false|false\u00a0\u00bb custom_padding=\u00a0\u00bb|0px|||false|false\u00a0\u00bb global_colors_info=\u00a0\u00bb{}\u00a0\u00bb]<\/p>\n<p style=\"text-align: justify;\"><span style=\"color: #000000;\">Apr\u00e8s quelques exp\u00e9riences d&rsquo;enseignement dans des projets associatifs et autres \u00e9coles de musiques (Centre Allende St Malo, Antipode \u00e0 Cleunay, Ecole de Musique de Cancale) ou en itin\u00e9rant pour des cours \u00e0 domicile, j&rsquo;ai choisi d&rsquo;installer mes cours dans un local d\u00e9di\u00e9 \u00e0 la pratique et \u00e0 l&rsquo;enseignement de la guitare. <strong>En 2010<\/strong> se cr\u00e9e Guitar School sous forme associative grace \u00e0 des fonds propres. Le local se situe alors dans la Z.I. sud de St Malo tout pr\u00e8s de la fameuse laiterie Malo. L&rsquo;affluence se fait petit \u00e0 petit jusqu&rsquo;\u00e0 atteindre une petite cinquantaine d&rsquo;\u00e9l\u00e8ves sur l&rsquo;ann\u00e9e scolaire. A la <strong>rentr\u00e9e 2012<\/strong> Guitar School s&rsquo;associe \u00e0 \u00ab\u00a0Batteurs &amp; Co\u00a0\u00bb l&rsquo;\u00e9cole de batterie que met en place Dominique \u00ab\u00a0Mino\u00a0\u00bb Berlan dans la zone de la Monneraie \u00e0 l&rsquo;entr\u00e9e de la ville. <\/span><\/p>\n<p>[\/et_pb_text][\/et_pb_column][et_pb_column type=\u00a0\u00bb1_3&Prime; _builder_version=\u00a0\u00bb4.16&Prime; _module_preset=\u00a0\u00bbdefault\u00a0\u00bb global_colors_info=\u00a0\u00bb{}\u00a0\u00bb][et_pb_text _builder_version=\u00a0\u00bb4.16&Prime; _module_preset=\u00a0\u00bbdefault\u00a0\u00bb custom_margin=\u00a0\u00bb80px|36px|||false|false\u00a0\u00bb global_colors_info=\u00a0\u00bb{}\u00a0\u00bb]<\/p>\n<p style=\"text-align: justify;\"><span style=\"color: #000000;\">Apr\u00e8s quatre ann\u00e9es d&rsquo;une belle collaboration et pour des raisons personnelles, Guitar School d\u00e9m\u00e9nage <strong>en 2016<\/strong> pour s&rsquo;installer \u00e0 quelques kilom\u00e8tres plus loin sur la route de St M\u00e9loir des Ondes au lieu-dit \u00ab\u00a0Les Broussettes\u00a0\u00bb. Un local tout en bois est cr\u00e9\u00e9 \u00e0 cet effet dans le hangar qui jouxte la maison. Le lieu est id\u00e9alement plac\u00e9 car \u00e0 quelques minutes des centres de St Malo, Cancale, La Gouesni\u00e8re, St M\u00e9loir, St P\u00e8re et Dinard. Le nouveau local est parfaitement \u00e9quip\u00e9 pour un confort de travail optimis\u00e9. Un parking permet un stationnement s\u00e9curis\u00e9 et un d\u00e9placement serein pour les plus jeunes. On vient \u00e0 Guitar School parce que c&rsquo;est un lieu o\u00f9 il fait bon vivre o\u00f9 tout va dans le bon sens, les fleurs comme les doigts.<\/span><\/p>\n<p>[\/et_pb_text][\/et_pb_column][\/et_pb_row][et_pb_row column_structure=\u00a0\u00bb3_5,2_5&Prime; _builder_version=\u00a0\u00bb4.18.0&Prime; _module_preset=\u00a0\u00bbdefault\u00a0\u00bb background_color=\u00a0\u00bbrgba(255,255,255,0.6)\u00a0\u00bb custom_padding=\u00a0\u00bb|12px||12px|false|false\u00a0\u00bb hover_enabled=\u00a0\u00bb0&Prime; box_shadow_style=\u00a0\u00bbpreset3&Prime; box_shadow_blur=\u00a0\u00bb6px\u00a0\u00bb global_colors_info=\u00a0\u00bb{}\u00a0\u00bb sticky_enabled=\u00a0\u00bb0&Prime; min_height=\u00a0\u00bb526.6px\u00a0\u00bb custom_margin=\u00a0\u00bb16px||||false|false\u00a0\u00bb][et_pb_column type=\u00a0\u00bb3_5&Prime; _builder_version=\u00a0\u00bb4.16&Prime; _module_preset=\u00a0\u00bbdefault\u00a0\u00bb global_colors_info=\u00a0\u00bb{}\u00a0\u00bb][et_pb_code _builder_version=\u00a0\u00bb4.16&Prime; _module_preset=\u00a0\u00bbdefault\u00a0\u00bb box_shadow_style=\u00a0\u00bbpreset3&Prime; box_shadow_blur=\u00a0\u00bb6px\u00a0\u00bb global_colors_info=\u00a0\u00bb{}\u00a0\u00bb]<iframe src=\"https:\/\/www.google.com\/maps\/embed?pb=!1m14!1m8!1m3!1d21094.21478909833!2d-1.947027244396972!3d48.633252129502075!3m2!1i1024!2i768!4f13.1!3m3!1m2!1s0x480e824052d2e31d%3A0xa3d6a32e17d02b6a!2sRoth%C3%A9neuf%2C%2035400%20Saint-Malo!5e0!3m2!1sfr!2sfr!4v1614273137450!5m2!1sfr!2sfr\" width=\"600\" height=\"450\" style=\"border:0;\" allowfullscreen=\"\" loading=\"lazy\"><\/iframe>[\/et_pb_code][\/et_pb_column][et_pb_column type=\u00a0\u00bb2_5&Prime; _builder_version=\u00a0\u00bb4.16&Prime; _module_preset=\u00a0\u00bbdefault\u00a0\u00bb global_colors_info=\u00a0\u00bb{}\u00a0\u00bb][et_pb_text _builder_version=\u00a0\u00bb4.16&Prime; _module_preset=\u00a0\u00bbdefault\u00a0\u00bb global_colors_info=\u00a0\u00bb{}\u00a0\u00bb]<\/p>\n<h2>Rendez-vous aux \u00a0\u00bb <strong>Broussettes<\/strong> \u00a0\u00bb !<\/h2>\n<h4><\/h4>\n<h4><\/h4>\n<h4><\/h4>\n<h4>La campagne aux portes de St Malo, c&rsquo;est dans un cadre calme et bucolique que se situe le local de Guitar School.<\/h4>\n<h5><strong>Pour nous trouver ce n&rsquo;est pas difficile &#8230;<\/strong><\/h5>\n<h5><strong>Du rond-point de La Madeleine<\/strong> prendre direction de St M\u00e9loir des Ondes.<\/h5>\n<h5><strong>Du rond Point de Lidl<\/strong> prendre \u00e0 travers champs dans la direction de Ch\u00e2teau-Malo, toujours tout droit jusqu&rsquo;au stop. Puis prendre \u00e0 gauche vers St M\u00e9loir-des Ondes.<\/h5>\n<h5><strong>Des panneaux jaunes<\/strong> vous indiqueront le chemin sur votre gauche (en face des serres).<\/h5>\n<p>\u00a0Nous sommes <strong>\u00e0 8mn de la gare<\/strong> de Saint-Malo.<\/p>\n<h5><strong>Attention !<\/strong> il n&rsquo;y a pas d&rsquo;arr\u00eat de bus aux \u00ab\u00a0Broussettes\u00a0\u00bb.<\/h5>\n<p><strong><\/strong><\/p>\n<p><strong><\/strong><\/p>\n<p><strong>GPS<\/strong> : <strong>Latitude :<\/strong> 48.634293 | <strong>Longitude :<\/strong> -1.940826<\/p>\n<p>[\/et_pb_text][\/et_pb_column][\/et_pb_row][\/et_pb_section]<\/p>\n","protected":false},"excerpt":{"rendered":"<p>C&rsquo;est quoi ? C&rsquo;est o\u00f9 ?Cr\u00e9ation en 2010Apr\u00e8s quelques exp\u00e9riences d&rsquo;enseignement dans des projets associatifs et autres \u00e9coles de musiques (Centre Allende St Malo, Antipode \u00e0 Cleunay, Ecole de Musique de Cancale) ou en itin\u00e9rant pour des cours \u00e0 domicile, j&rsquo;ai choisi d&rsquo;installer mes cours dans un local d\u00e9di\u00e9 \u00e0 la pratique et \u00e0 l&rsquo;enseignement [&hellip;]<\/p>\n","protected":false},"author":1,"featured_media":0,"parent":0,"menu_order":0,"comment_status":"closed","ping_status":"closed","template":"","meta":{"_et_pb_use_builder":"on","_et_pb_old_content":"","_et_gb_content_width":""},"_links":{"self":[{"href":"https:\/\/cours-guitare-stmalo.com\/index.php\/wp-json\/wp\/v2\/pages\/80"}],"collection":[{"href":"https:\/\/cours-guitare-stmalo.com\/index.php\/wp-json\/wp\/v2\/pages"}],"about":[{"href":"https:\/\/cours-guitare-stmalo.com\/index.php\/wp-json\/wp\/v2\/types\/page"}],"author":[{"embeddable":true,"href":"https:\/\/cours-guitare-stmalo.com\/index.php\/wp-json\/wp\/v2\/users\/1"}],"replies":[{"embeddable":true,"href":"https:\/\/cours-guitare-stmalo.com\/index.php\/wp-json\/wp\/v2\/comments?post=80"}],"version-history":[{"count":21,"href":"https:\/\/cours-guitare-stmalo.com\/index.php\/wp-json\/wp\/v2\/pages\/80\/revisions"}],"predecessor-version":[{"id":821,"href":"https:\/\/cours-guitare-stmalo.com\/index.php\/wp-json\/wp\/v2\/pages\/80\/revisions\/821"}],"wp:attachment":[{"href":"https:\/\/cours-guitare-stmalo.com\/index.php\/wp-json\/wp\/v2\/media?parent=80"}],"curies":[{"name":"wp","href":"https:\/\/api.w.org\/{rel}","templated":true}]}}